{"id":16,"date":"2017-03-28T15:28:45","date_gmt":"2017-03-28T14:28:45","guid":{"rendered":"http:\/\/sportprobrno.cz\/odm\/?page_id=16"},"modified":"2017-04-09T18:20:07","modified_gmt":"2017-04-09T17:20:07","slug":"propozice","status":"publish","type":"page","link":"http:\/\/sportprobrno.cz\/odm\/propozice\/","title":{"rendered":"Propozice"},"content":{"rendered":"<p><strong><span style=\"text-decoration: underline;\">Hry VIII. letn\u00ed olympi\u00e1dy d\u011bt\u00ed a ml\u00e1de\u017ee 2017<\/span><\/strong><\/p>\n<p><strong>CYKLISTIKA &#8211; MTB XC<br \/>\n<\/strong><\/p>\n<p><strong>Po\u0159adatel:<br \/>\n<\/strong>Sport pro Brno, z.s., Marie Steyskalov\u00e9 64, 616 00 Brno<br \/>\nkontakt: Ing. Lubom\u00edr Vidl\u00e1k, tel.: 605 432\u00a0220, vidlak@sportprobrno.cz<\/p>\n<p><strong>Organiza\u010dn\u00ed zaji\u0161t\u011bn\u00ed:<br \/>\nSport pro Brno, z.s.<\/strong><br \/>\nkontakt: Ing. Lubom\u00edr Vidl\u00e1k, tel.: 605 432\u00a0220, vidlak@sportprobrno.cz<br \/>\n<strong>Jihomoravsk\u00fd krajsk\u00fd svaz cyklistiky, z.s.<\/strong><br \/>\nkontakt: Erik \u0158ezn\u00edk, p\u0159edseda, tel.: 736\u00a0484\u00a0607, info@drahanskysport.cz<\/p>\n<p><strong>Term\u00edn:<\/strong> 25. \u010derven 2017<\/p>\n<p><strong>M\u00edsto:<\/strong>\u00a0 Brno \u2013 Pis\u00e1rky, atletick\u00fd stadion a lesopark u Anthroposu, GPS Loc , 49.1905603\u00b0N, 16.5658967\u00b0E, Brno \u2013 Pis\u00e1rky<\/p>\n<p><strong>Parkov\u00e1n\u00ed:<\/strong> <span style=\"font-size: 11.0pt;\">49.1915961N, 16.5650022E, <\/span><strong>Navigace:<\/strong> D\u00e1lnice D1-exit 190 \u2013 SVITAVY<\/p>\n<p><strong>Kancel\u00e1\u0159 z\u00e1vodu:<\/strong> https:\/\/mapy.cz\/s\/1q4N2, <span style=\"font-size: 11.0pt;\">49\u00b011&#8217;28.100&#8243;N, 16\u00b033&#8217;53.946&#8243;E<\/span><\/p>\n<p>Pis\u00e1reck\u00e1 562\/7b, Brno, 603 00, okres Brno-m\u011bsto<\/p>\n<p><strong>Kategorie:<\/strong><br \/>\nStar\u0161\u00ed \u017e\u00e1ci (r.n.\u00a0 2003 \u2013 2004)<br \/>\nStar\u0161\u00ed \u017e\u00e1kyn\u011b (r.n. \u00a02003 \u2013 2004)<br \/>\nKadeti (r.n. 2001 \u2013 2002)<br \/>\nKadetky (r.n. 2001 \u2013 2002)<\/p>\n<p><strong>Po\u010det startuj\u00edc\u00edch:<\/strong> \u00a028 v\u00a0ka\u017ed\u00e9 kategorii<\/p>\n<p><strong>\u0158editel z\u00e1vodu:<\/strong> Ing. Lubom\u00edr Vidl\u00e1k, tel.: 605 432\u00a0220, <a href=\"mailto:vidlak@sportprobrno.cz\">vidlak@sportprobrno.cz<\/a><\/p>\n<p><strong>Stavitel a \u0161\u00e9f trat\u011b:<\/strong> Mgr. Milan Kucha\u0159\u00edk, +420\u00a0774\u00a0693 414; e-mail: <a href=\"mailto:info@sportprobrno.cz\">info@sportprobrno.cz<\/a>,<\/p>\n<p><strong>Technick\u00e1 porada: <\/strong>viz rozpis z\u00e1vodu<\/p>\n<p><strong>Informace:<\/strong> pod\u00e1 \u0159editel z\u00e1vodu<\/p>\n<p><strong>Rozpis z\u00e1vodu:<\/strong><br \/>\n25. 6. 2017<br \/>\n8:30 \u2013 9:30 tr\u00e9nink<br \/>\n10:00 Porada<br \/>\n<strong>11:00 z\u00e1vod st.\u017e\u00e1kyn\u011b, st. \u017d\u00e1ci<\/strong><\/p>\n<p><strong>11:30 z\u00e1vod kadetky, kadeti<\/strong><\/p>\n<p><strong>Vyhl\u00e1\u0161en\u00ed v\u00fdsledk\u016f:<\/strong> kv\u011btinov\u00fd ceremoni\u00e1l bezprost\u0159edn\u011b po dojezdu posledn\u00edho z\u00e1vodu na atletick\u00e9m stadionu<\/p>\n<p>&nbsp;<\/p>\n<p><strong>N\u00e1mitky:<\/strong> Dle pravidel \u010cSC<\/p>\n<p><strong>Rozhod\u010d\u00ed:<\/strong> deleguje Komise STK Jihomoravsk\u00e9ho krajsk\u00e9ho svazu cyklistiky<\/p>\n<p><strong>\u010casom\u00edra:<\/strong> Championchip<\/p>\n<p><strong>Tra\u0165:<br \/>\n<\/strong>Tra\u0165 je vedena po atletick\u00e9m ov\u00e1le, p\u0159ilehl\u00fdch louk\u00e1ch a \u010d\u00e1sti lesn\u00edho pozemku. Povrch \u0161kv\u00e1ra, tr\u00e1va, asfalt, lesn\u00ed cesta.<\/p>\n<p><strong>Tra\u0165 m\u00e1 4 speci\u00e1ln\u00ed sekce, vyzna\u010den\u00e9 v map\u011b z\u00e1vodu:<\/strong><br \/>\n1 st\u0159edn\u011b t\u011b\u017ek\u00fd sjezd se skoky a klopenkami<br \/>\n2 kamenn\u00e9 pole Rock Garden<\/p>\n<p>3 strm\u00fd sjezd \u201eTwins s p\u0159\u00ed\u010dn\u00fdmi prahy a d\u0159ev\u011bnou l\u00e1vkou<br \/>\n4 kamenn\u00e9 pole Rock\u2019n Roll<\/p>\n<p>d\u00e9lka 3,06 km, stoup\u00e1n\u00ed 126 m, kles\u00e1n\u00ed 126 m \u2013 1 okruh,<\/p>\n<p><strong>Kadetky\/kadeti \u2013\u00a0 4 okruhy<\/strong><\/p>\n<p><strong>\u017da\u010dky\/\u017e\u00e1ci\u00a0\u00a0\u00a0\u00a0\u00a0\u00a0\u00a0 \u00a0&#8211; \u00a0\u00a03 okruhy<\/strong><\/p>\n<p><strong>Bezpe\u010dnost:<br \/>\n<\/strong>Tra\u0165 je vyzna\u010dena p\u00e1skou z\u00a0obou stran a obsluhov\u00e1na po\u0159adateli. V\u00a0m\u00edst\u011b startu l\u00e9ka\u0159 a zdravotn\u00ed slu\u017eba.<\/p>\n<p>Zdravotn\u00ed slu\u017ebu zaji\u0161\u0165uje:<\/p>\n<p>Fakultn\u00ed nemocnice Bohunice<br \/>\nZdravotn\u00edci koordinov\u00e1ni SPP Vy\u0161kov, Pu\u0161kinova 63 68201 Vy\u0161kov.<\/p>\n<p><strong>Upozorn\u011bn\u00ed:<\/strong> Z\u00e1vod prob\u011bhne dle pravidel \u010cSC a Olympijsk\u00e9ho v\u00fdboru.<\/p>\n","protected":false},"excerpt":{"rendered":"<p>Hry VIII. letn\u00ed olympi\u00e1dy d\u011bt\u00ed a ml\u00e1de\u017ee 2017 CYKLISTIKA &#8211; MTB XC Po\u0159adatel: Sport pro Brno, z.s., Marie Steyskalov\u00e9 64, 616 00 Brno kontakt: Ing. Lubom\u00edr Vidl\u00e1k, tel.: 605 432\u00a0220, vidlak@sportprobrno.cz Organiza\u010dn\u00ed zaji\u0161t\u011bn\u00ed: Sport pro Brno, z.s. kontakt: Ing. Lubom\u00edr Vidl\u00e1k, tel.: 605 432\u00a0220, vidlak@sportprobrno.cz Jihomoravsk\u00fd krajsk\u00fd svaz cyklistiky, z.s. kontakt: Erik \u0158ezn\u00edk, p\u0159edseda, tel.:<\/p>\n<p><a href=\"http:\/\/sportprobrno.cz\/odm\/propozice\/\" class=\"more-link themebutton\">Read More<\/a><\/p>\n","protected":false},"author":1,"featured_media":0,"parent":0,"menu_order":0,"comment_status":"closed","ping_status":"closed","template":"","meta":[],"_links":{"self":[{"href":"http:\/\/sportprobrno.cz\/odm\/wp-json\/wp\/v2\/pages\/16"}],"collection":[{"href":"http:\/\/sportprobrno.cz\/odm\/wp-json\/wp\/v2\/pages"}],"about":[{"href":"http:\/\/sportprobrno.cz\/odm\/wp-json\/wp\/v2\/types\/page"}],"author":[{"embeddable":true,"href":"http:\/\/sportprobrno.cz\/odm\/wp-json\/wp\/v2\/users\/1"}],"replies":[{"embeddable":true,"href":"http:\/\/sportprobrno.cz\/odm\/wp-json\/wp\/v2\/comments?post=16"}],"version-history":[{"count":6,"href":"http:\/\/sportprobrno.cz\/odm\/wp-json\/wp\/v2\/pages\/16\/revisions"}],"predecessor-version":[{"id":59,"href":"http:\/\/sportprobrno.cz\/odm\/wp-json\/wp\/v2\/pages\/16\/revisions\/59"}],"wp:attachment":[{"href":"http:\/\/sportprobrno.cz\/odm\/wp-json\/wp\/v2\/media?parent=16"}],"curies":[{"name":"wp","href":"https:\/\/api.w.org\/{rel}","templated":true}]}}