{"id":23,"date":"2015-05-13T11:48:37","date_gmt":"2015-05-13T10:48:37","guid":{"rendered":"http:\/\/sportprobrno.cz\/cpxco\/?page_id=23"},"modified":"2022-03-10T10:43:43","modified_gmt":"2022-03-10T09:43:43","slug":"ubytovani","status":"publish","type":"page","link":"http:\/\/sportprobrno.cz\/cpxco\/ubytovani\/","title":{"rendered":"Ubytov\u00e1n\u00ed"},"content":{"rendered":"<ul>\n<li>\n<h3><strong> OREA Congress Hotel Brno ( Voron\u011b\u017e )<br \/><\/strong><\/h3>\n<\/li>\n<\/ul>\n<p>Speci\u00e1ln\u00ed nab\u00eddku pro \u00fa\u010dastn\u00edky z\u00e1vodu p\u0159ipravil<\/p>\n<p>Hotel:\u00a0\u00a0\u00a0\u00a0\u00a0\u00a0\u00a0\u00a0\u00a0\u00a0\u00a0\u00a0\u00a0\u00a0\u00a0\u00a0\u00a0\u00a0 \u00a0\u00a0\u00a0\u00a0\u00a0\u00a0\u00a0\u00a0\u00a0\u00a0\u00a0\u00a0\u00a0\u00a0\u00a0 OREA Congress Hotel Brno<\/p>\n<p>Platnost cen:\u00a0\u00a0\u00a0\u00a0 \u00a0\u00a0\u00a0\u00a0\u00a0\u00a0\u00a0\u00a0\u00a0\u00a0\u00a0\u00a0\u00a0\u00a0\u00a0 01.-03.04.2022<\/p>\n<p>Classic \u2013 SGL:\u00a0\u00a0\u00a0\u00a0 \u00a0\u00a0\u00a0\u00a0\u00a0\u00a0\u00a0\u00a0\u00a0\u00a0\u00a0\u00a0\u00a0\u00a0\u00a0 1.400,- K\u010d<\/p>\n<p>Classic \u2013 DBL:\u00a0\u00a0\u00a0\u00a0 \u00a0\u00a0\u00a0\u00a0\u00a0\u00a0\u00a0\u00a0\u00a0\u00a0\u00a0\u00a0\u00a0\u00a0\u00a0 1.570,- K\u010d<\/p>\n<p>Executive \u2013 SGL:\u00a0\u00a0\u00a0\u00a0\u00a0\u00a0\u00a0\u00a0\u00a0\u00a0\u00a0\u00a0\u00a0\u00a0 1.600,- K\u010d<\/p>\n<p>Executive \u2013 DBL:\u00a0\u00a0\u00a0\u00a0\u00a0\u00a0\u00a0\u00a0\u00a0\u00a0\u00a0\u00a0\u00a0\u00a0 1.770,- K\u010d<\/p>\n<p>K t\u00e9to nab\u00eddce se dostanete kliknut\u00edm na n\u00e1sleduj\u00edc\u00ed odkaz: <a href=\"https:\/\/www.book-secure.com\/index.php?s=results&amp;property=czbrn31279&amp;arrival=2022-04-01&amp;departure=2022-04-03&amp;code=UCIMTBXCO&amp;adults1=2&amp;children1=0&amp;locale=cs_CZ&amp;currency=CZK&amp;stid=glr3mimhh&amp;arrivalDateValue=2022-04-01&amp;fromyear=2022&amp;frommonth=4&amp;fromday=1&amp;nbdays=2&amp;nbNightsValue=2&amp;_ga=2.206461395.1796061512.1646851948-2112239622.1601960881&amp;redir=BIZ-so5523q0o4&amp;Clusternames=CZBRNHTLOreaVoronezI&amp;rt=1646896913&amp;connectName=CZBRNHTLOreaVoronezI&amp;cname=CZBRNHTLOreaVoronezI&amp;Hotelnames=Cz-Orea-Voronez-I&amp;hname=Cz-Orea-Voronez-I&amp;cluster=CZBRNHTLOreaVoronezI\" target=\"_blank\" rel=\"noopener\"><strong><u>UCIMTBXCO<\/u><\/strong><\/a><\/p>\n<p>Hotel se nach\u00e1z\u00ed cca 2 km pod\u00e9l \u0159eky od are\u00e1lu z\u00e1vodu. <strong><a href=\"https:\/\/mapy.cz\/s\/1Ejx3\" target=\"_blank\" rel=\"noopener\">ZDE<\/a><\/strong><\/p>\n<p>\u00a0<\/p>\n<ul>\n<li>\n<h3>Hotel International Brno<\/h3>\n<\/li>\n<\/ul>\n<p>Rezervaci ubytov\u00e1n\u00ed m\u016f\u017eete ud\u011blat <a href=\"https:\/\/www.book-secure.com\/index.php?s=results&amp;property=czbrn22701&amp;arrival=2021-05-18&amp;departure=2021-05-19&amp;adults1=1&amp;children1=0&amp;locale=cs_CZ&amp;currency=EUR&amp;stid=1tmc5u8gf&amp;showBestPriceFirst=1&amp;showPromotions=3&amp;Hotelnames=CZBRNHTLInterBrno&amp;hname=CZBRNHTLInterBrno&amp;redir=BIZ-so5523q0o4&amp;rt=1621347440\"><strong>ZDE<\/strong><\/a><\/p>\n<p>Pro cenu, platnou pro akci uve\u010fte promo k\u00f3d <strong>UCIC1MTB<\/strong><\/p>\n<p>\u00a0<\/p>\n<ul>\n<li>\n<h3><strong>Quality Hotel Brno Exhibition Centre****<\/strong><\/h3>\n<\/li>\n<\/ul>\n<h3><span style=\"color: #888888; font-family: Helvetica; font-size: small;\"><b>\u00a0 <\/b><a href=\"https:\/\/www.qualityhotelbrnoexhibitioncentre.com\/cs\/rezervace\/\" target=\"_blank\" rel=\"noopener\"><span style=\"color: #0563c1; font-family: Calibri; font-size: small;\"><b><span style=\"text-decoration: underline;\">https:\/\/www.qualityhotelbrnoexhibitioncentre.com\/cs\/rezervace\/<\/span><\/b><\/span><\/a><\/span><\/h3>\n\n\n<p>Hotel se nach\u00e1z\u00ed cca 2 km pod\u00e9l \u0159eky od are\u00e1lu z\u00e1vodu. <strong><a rel=\"noreferrer noopener\" href=\"https:\/\/mapy.cz\/s\/bocedakusa\" data-type=\"URL\" data-id=\"https:\/\/mapy.cz\/s\/bocedakusa\" target=\"_blank\">ZDE<\/a><\/strong> <a rel=\"noreferrer noopener\" href=\"https:\/\/www.book-secure.com\/index.php?s=results&amp;property=czbrn22701&amp;arrival=2021-05-18&amp;departure=2021-05-19&amp;adults1=1&amp;children1=0&amp;locale=cs_CZ&amp;currency=EUR&amp;stid=1tmc5u8gf&amp;showBestPriceFirst=1&amp;showPromotions=3&amp;Hotelnames=CZBRNHTLInterBrno&amp;hname=CZBRNHTLInterBrno&amp;redir=BIZ-so5523q0o4&amp;rt=1621347440\" data-type=\"URL\" data-id=\"https:\/\/www.book-secure.com\/index.php?s=results&amp;property=czbrn22701&amp;arrival=2021-05-18&amp;departure=2021-05-19&amp;adults1=1&amp;children1=0&amp;locale=cs_CZ&amp;currency=EUR&amp;stid=1tmc5u8gf&amp;showBestPriceFirst=1&amp;showPromotions=3&amp;Hotelnames=CZBRNHTLInterBrno&amp;hname=CZBRNHTLInterBrno&amp;redir=BIZ-so5523q0o4&amp;rt=1621347440\" target=\"_blank\"><\/a><\/p>\n","protected":false},"excerpt":{"rendered":"<p>OREA Congress Hotel Brno ( Voron\u011b\u017e ) Speci\u00e1ln\u00ed nab\u00eddku pro \u00fa\u010dastn\u00edky z\u00e1vodu p\u0159ipravil Hotel:\u00a0\u00a0\u00a0\u00a0\u00a0\u00a0\u00a0\u00a0\u00a0\u00a0\u00a0\u00a0\u00a0\u00a0\u00a0\u00a0\u00a0\u00a0 \u00a0\u00a0\u00a0\u00a0\u00a0\u00a0\u00a0\u00a0\u00a0\u00a0\u00a0\u00a0\u00a0\u00a0\u00a0 OREA Congress Hotel Brno Platnost cen:\u00a0\u00a0\u00a0\u00a0 \u00a0\u00a0\u00a0\u00a0\u00a0\u00a0\u00a0\u00a0\u00a0\u00a0\u00a0\u00a0\u00a0\u00a0\u00a0 01.-03.04.2022 Classic \u2013 SGL:\u00a0\u00a0\u00a0\u00a0 \u00a0\u00a0\u00a0\u00a0\u00a0\u00a0\u00a0\u00a0\u00a0\u00a0\u00a0\u00a0\u00a0\u00a0\u00a0 1.400,- K\u010d Classic \u2013 DBL:\u00a0\u00a0\u00a0\u00a0 \u00a0\u00a0\u00a0\u00a0\u00a0\u00a0\u00a0\u00a0\u00a0\u00a0\u00a0\u00a0\u00a0\u00a0\u00a0 1.570,- K\u010d Executive \u2013 SGL:\u00a0\u00a0\u00a0\u00a0\u00a0\u00a0\u00a0\u00a0\u00a0\u00a0\u00a0\u00a0\u00a0\u00a0 1.600,- K\u010d Executive \u2013 DBL:\u00a0\u00a0\u00a0\u00a0\u00a0\u00a0\u00a0\u00a0\u00a0\u00a0\u00a0\u00a0\u00a0\u00a0 1.770,- K\u010d K t\u00e9to nab\u00eddce se dostanete kliknut\u00edm na n\u00e1sleduj\u00edc\u00ed odkaz: UCIMTBXCO<\/p>\n<p><a href=\"http:\/\/sportprobrno.cz\/cpxco\/ubytovani\/\" class=\"more-link themebutton\">Read More<\/a><\/p>\n","protected":false},"author":1,"featured_media":0,"parent":0,"menu_order":60,"comment_status":"closed","ping_status":"closed","template":"","meta":[],"_links":{"self":[{"href":"http:\/\/sportprobrno.cz\/cpxco\/wp-json\/wp\/v2\/pages\/23"}],"collection":[{"href":"http:\/\/sportprobrno.cz\/cpxco\/wp-json\/wp\/v2\/pages"}],"about":[{"href":"http:\/\/sportprobrno.cz\/cpxco\/wp-json\/wp\/v2\/types\/page"}],"author":[{"embeddable":true,"href":"http:\/\/sportprobrno.cz\/cpxco\/wp-json\/wp\/v2\/users\/1"}],"replies":[{"embeddable":true,"href":"http:\/\/sportprobrno.cz\/cpxco\/wp-json\/wp\/v2\/comments?post=23"}],"version-history":[{"count":25,"href":"http:\/\/sportprobrno.cz\/cpxco\/wp-json\/wp\/v2\/pages\/23\/revisions"}],"predecessor-version":[{"id":601,"href":"http:\/\/sportprobrno.cz\/cpxco\/wp-json\/wp\/v2\/pages\/23\/revisions\/601"}],"wp:attachment":[{"href":"http:\/\/sportprobrno.cz\/cpxco\/wp-json\/wp\/v2\/media?parent=23"}],"curies":[{"name":"wp","href":"https:\/\/api.w.org\/{rel}","templated":true}]}}