{"id":13,"date":"2018-05-22T15:35:38","date_gmt":"2018-05-22T13:35:38","guid":{"rendered":"http:\/\/sportprobrno.cz\/btcm\/?page_id=13"},"modified":"2018-05-22T22:55:31","modified_gmt":"2018-05-22T20:55:31","slug":"propozice","status":"publish","type":"page","link":"http:\/\/sportprobrno.cz\/btcm\/propozice\/","title":{"rendered":"Propozice"},"content":{"rendered":"<p><strong>Brn\u011bnsk\u00fd t\u00fdden cyklistiky pro ml\u00e1de\u017e 2017<br \/>\n<\/strong><\/p>\n<table style=\"height: 15px;\" width=\"657\">\n<tbody>\n<tr>\n<td><\/td>\n<td><\/td>\n<td><\/td>\n<\/tr>\n<\/tbody>\n<\/table>\n<p><strong>Po\u0159adatel:<\/strong>\u00a0Sport pro Brno, z.s., Marie Steyskalov\u00e9 64, 616 00 Brno, I\u010c22750266<\/p>\n<p><strong>M\u00edsto z\u00e1vodu:<\/strong>\u00a0GPS Loc ,\u00a0<a href=\"https:\/\/mapy.cz\/zakladni?x=16.5652489&amp;y=49.1916382&amp;z=17&amp;source=coor&amp;id=16.5652489%2C49.1915961&amp;q=49.1915961N%2C%2016.5652489E\" target=\"_blank\"><strong>49.1915961N, 16.5652489E<\/strong><\/a>,\u00a0 Brno \u2013 Pis\u00e1rky<\/p>\n<p><strong>Term\u00edn z\u00e1vodu:<\/strong> 12. &#8211; 17.9.2017<\/p>\n<p><strong>\u0158editel z\u00e1vodu:<\/strong>\u00a0Lubom\u00edr Vidl\u00e1k Mobil: +420 605 432\u00a0220,\u00a0 e-mail:\u00a0<a href=\"mailto:vidlak@sportprobrno.cz\">vidlak@sportprobrno.cz<\/a>,<br \/>\n<strong>\u0158editel trati:<\/strong>\u00a0Tom\u00e1\u0161 Vidl\u00e1k Mobil: +420 603 368 084; e-mail: tvidlak@pavoucek.cz,\u00a0<a href=\"mailto:info@sportprobrno.cz\">info@sportprobrno.cz<\/a>,<\/p>\n<p><strong>Hlavn\u00ed rozhod\u010d\u00ed<\/strong>\u00a0&#8211; Erik \u0158ezn\u00edk<\/p>\n<p><strong>kategorie d\u011bt\u00ed a ml\u00e1de\u017ee:<\/strong><\/p>\n<ul>\n<li>Odr\u00e1\u017eedla \u2013 do 4 let, kluci holky dohromady<\/li>\n<li>Kola \u2013 do 4 let kluci holky dohromady<\/li>\n<li>5 \u2013 6 let (2011-2012), kluci\/holky zvl\u00e1\u0161\u0165<\/li>\n<li>7 \u2013 8 let (2009-2010kluci\/holky zvl\u00e1\u0161\u0165<\/li>\n<li>9 \u2013 10 let (2007-2008) kluci\/holky zvl\u00e1\u0161\u0165<\/li>\n<li>ml.\u017e\u00e1ci\/kyn\u011b 11 \u2013 12 let (2005-2006)<\/li>\n<li>st. \u017e\u00e1ci\/kyn\u011b 13 \u2013 14 let (2003-2004)<\/li>\n<li>kadeti\/tky 15 \u2013 16 let (2001-2002)<\/li>\n<\/ul>\n<p><strong>\u010casov\u00fd harmonogram<br \/>\n<\/strong><\/p>\n<p>Parkov\u00e1n\u00ed vozidel: <strong><a href=\"https:\/\/mapy.cz\/s\/2FBM9\" target=\"_blank\">ZDE<\/a><\/strong><\/p>\n<p><strong>15:00 hod.<\/strong>\u00a0\u00a0\u00a0\u00a0\u00a0\u00a0\u00a0\u00a0\u00a0\u00a0 Prezence v m\u00edst\u011b startu,<\/p>\n<p><strong>16:15 hod.<\/strong>\u00a0\u00a0\u00a0\u00a0\u00a0\u00a0\u00a0\u00a0\u00a0\u00a0\u00a0 Chlapci a d\u00edvky 7-8, 9-10 let<\/p>\n<p><strong>16:35 hod.<\/strong>\u00a0\u00a0\u00a0\u00a0\u00a0\u00a0\u00a0\u00a0\u00a0\u00a0 Mlad\u0161\u00ed \u017e\u00e1ci, \u017e\u00e1kyn\u011b 11-12 let<br \/>\nStar\u0161\u00ed \u017e\u00e1ci, \u017e\u00e1kyn\u011b 13-14 let<\/p>\n<p><strong>17:15 hod.\u00a0<\/strong>\u00a0\u00a0\u00a0\u00a0\u00a0\u00a0\u00a0\u00a0\u00a0\u00a0 Odr\u00e1\u017eedla<br \/>\nChlapci a d\u00edvky do 6 let<\/p>\n<p><strong>17:30 hod.<\/strong>\u00a0\u00a0\u00a0\u00a0\u00a0\u00a0\u00a0\u00a0\u00a0\u00a0 Vyhl\u00e1\u0161en\u00ed v\u00fdsledk\u016f<\/p>\n<p><strong>18:00 hod.<\/strong>\u00a0\u00a0\u00a0\u00a0\u00a0\u00a0\u00a0\u00a0\u00a0\u00a0 Kadetky 15-16 let<br \/>\nKadeti 15-16 let<br \/>\nJuniorky 17-18 let<br \/>\nJunio\u0159i 17-18 let<br \/>\nMu\u017ei 19-29 let<br \/>\nMu\u017ei 30-39 let<\/p>\n<p><strong>18:05 hod.<\/strong>\u00a0\u00a0\u00a0\u00a0\u00a0\u00a0\u00a0\u00a0\u00a0\u00a0\u00a0 Mu\u017ei Masters 40-49 let<br \/>\nMu\u017ei Masters nad 50 let<br \/>\n\u017deny 19-39 let<br \/>\n\u017deny nad 40 let<\/p>\n<p><strong>19:15 hod.<\/strong>\u00a0\u00a0\u00a0\u00a0\u00a0\u00a0\u00a0\u00a0\u00a0\u00a0 Vyhl\u00e1\u0161en\u00ed v\u00fdsledk\u016f<\/p>\n<p><strong>\u00a0<\/strong><\/p>\n<p><strong>Zdravotn\u00ed slu\u017eba:<\/strong>\u00a0Fakultn\u00ed nemocnice Bohunice<br \/>\nZdravotn\u00edci koordinov\u00e1ni SPP Vy\u0161kov, Pu\u0161kinova 63 68201 Vy\u0161kov<\/p>\n<p>&nbsp;<\/p>\n","protected":false},"excerpt":{"rendered":"<p>Brn\u011bnsk\u00fd t\u00fdden cyklistiky pro ml\u00e1de\u017e 2017 Po\u0159adatel:\u00a0Sport pro Brno, z.s., Marie Steyskalov\u00e9 64, 616 00 Brno, I\u010c22750266 M\u00edsto z\u00e1vodu:\u00a0GPS Loc ,\u00a049.1915961N, 16.5652489E,\u00a0 Brno \u2013 Pis\u00e1rky Term\u00edn z\u00e1vodu: 12. &#8211; 17.9.2017 \u0158editel z\u00e1vodu:\u00a0Lubom\u00edr Vidl\u00e1k Mobil: +420 605 432\u00a0220,\u00a0 e-mail:\u00a0vidlak@sportprobrno.cz, \u0158editel trati:\u00a0Tom\u00e1\u0161 Vidl\u00e1k Mobil: +420 603 368 084; e-mail: tvidlak@pavoucek.cz,\u00a0info@sportprobrno.cz, Hlavn\u00ed rozhod\u010d\u00ed\u00a0&#8211; Erik \u0158ezn\u00edk kategorie d\u011bt\u00ed a<\/p>\n<p><a href=\"http:\/\/sportprobrno.cz\/btcm\/propozice\/\" class=\"more-link themebutton\">Read More<\/a><\/p>\n","protected":false},"author":1,"featured_media":0,"parent":0,"menu_order":0,"comment_status":"open","ping_status":"open","template":"","meta":[],"_links":{"self":[{"href":"http:\/\/sportprobrno.cz\/btcm\/wp-json\/wp\/v2\/pages\/13"}],"collection":[{"href":"http:\/\/sportprobrno.cz\/btcm\/wp-json\/wp\/v2\/pages"}],"about":[{"href":"http:\/\/sportprobrno.cz\/btcm\/wp-json\/wp\/v2\/types\/page"}],"author":[{"embeddable":true,"href":"http:\/\/sportprobrno.cz\/btcm\/wp-json\/wp\/v2\/users\/1"}],"replies":[{"embeddable":true,"href":"http:\/\/sportprobrno.cz\/btcm\/wp-json\/wp\/v2\/comments?post=13"}],"version-history":[{"count":5,"href":"http:\/\/sportprobrno.cz\/btcm\/wp-json\/wp\/v2\/pages\/13\/revisions"}],"predecessor-version":[{"id":37,"href":"http:\/\/sportprobrno.cz\/btcm\/wp-json\/wp\/v2\/pages\/13\/revisions\/37"}],"wp:attachment":[{"href":"http:\/\/sportprobrno.cz\/btcm\/wp-json\/wp\/v2\/media?parent=13"}],"curies":[{"name":"wp","href":"https:\/\/api.w.org\/{rel}","templated":true}]}}

<p><strong>Brněnský týden cyklistiky pro mládež 2017<br />
</strong></p>
<table style="height: 15px;" width="657">
<tbody>
<tr>
<td></td>
<td></td>
<td></td>
</tr>
</tbody>
</table>
<p><strong>Pořadatel:</strong> Sport pro Brno, z.s., Marie Steyskalové 64, 616 00 Brno, IČ22750266</p>
<p><strong>Místo závodu:</strong> GPS Loc , <a href="https://mapy.cz/zakladni?x=16.5652489&amp;y=49.1916382&amp;z=17&amp;source=coor&amp;id=16.5652489%2C49.1915961&amp;q=49.1915961N%2C%2016.5652489E" target="_blank"><strong>49.1915961N, 16.5652489E</strong></a>,  Brno – Pisárky</p>
<p><strong>Termín závodu:</strong> 12. &#8211; 17.9.2017</p>
<p><strong>Ředitel závodu:</strong> Lubomír Vidlák Mobil: +420 605 432 220,  e-mail: <a href="mailto:vidlak@sportprobrno.cz">vidlak@sportprobrno.cz</a>,<br />
<strong>Ředitel trati:</strong> Tomáš Vidlák Mobil: +420 603 368 084; e-mail: tvidlak@pavoucek.cz, <a href="mailto:info@sportprobrno.cz">info@sportprobrno.cz</a>,</p>
<p><strong>Hlavní rozhodčí</strong> &#8211; Erik Řezník</p>
<p><strong>kategorie dětí a mládeže:</strong></p>
<ul>
<li>Odrážedla – do 4 let, kluci holky dohromady</li>
<li>Kola – do 4 let kluci holky dohromady</li>
<li>5 – 6 let (2011-2012), kluci/holky zvlášť</li>
<li>7 – 8 let (2009-2010kluci/holky zvlášť</li>
<li>9 – 10 let (2007-2008) kluci/holky zvlášť</li>
<li>ml.žáci/kyně 11 – 12 let (2005-2006)</li>
<li>st. žáci/kyně 13 – 14 let (2003-2004)</li>
<li>kadeti/tky 15 – 16 let (2001-2002)</li>
</ul>
<p><strong>Časový harmonogram<br />
</strong></p>
<p>Parkování vozidel: <strong><a href="https://mapy.cz/s/2FBM9" target="_blank">ZDE</a></strong></p>
<p><strong>15:00 hod.</strong>           Prezence v místě startu,</p>
<p><strong>16:15 hod.</strong>            Chlapci a dívky 7-8, 9-10 let</p>
<p><strong>16:35 hod.</strong>           Mladší žáci, žákyně 11-12 let<br />
Starší žáci, žákyně 13-14 let</p>
<p><strong>17:15 hod. </strong>           Odrážedla<br />
Chlapci a dívky do 6 let</p>
<p><strong>17:30 hod.</strong>           Vyhlášení výsledků</p>
<p><strong>18:00 hod.</strong>           Kadetky 15-16 let<br />
Kadeti 15-16 let<br />
Juniorky 17-18 let<br />
Junioři 17-18 let<br />
Muži 19-29 let<br />
Muži 30-39 let</p>
<p><strong>18:05 hod.</strong>            Muži Masters 40-49 let<br />
Muži Masters nad 50 let<br />
Ženy 19-39 let<br />
Ženy nad 40 let</p>
<p><strong>19:15 hod.</strong>           Vyhlášení výsledků</p>
<p><strong> </strong></p>
<p><strong>Zdravotní služba:</strong> Fakultní nemocnice Bohunice<br />
Zdravotníci koordinováni SPP Vyškov, Puškinova 63 68201 Vyškov</p>
<p>&nbsp;</p>

<p>Brněnský týden cyklistiky pro mládež 2017 Pořadatel: Sport pro Brno, z.s., Marie Steyskalové 64, 616 00 Brno, IČ22750266 Místo závodu: GPS Loc , 49.1915961N, 16.5652489E,  Brno – Pisárky Termín závodu: 12. &#8211; 17.9.2017 Ředitel závodu: Lubomír Vidlák Mobil: +420 605 432 220,  e-mail: vidlak@sportprobrno.cz, Ředitel trati: Tomáš Vidlák Mobil: +420 603 368 084; e-mail: tvidlak@pavoucek.cz, info@sportprobrno.cz, Hlavní rozhodčí &#8211; Erik Řezník kategorie dětí a</p>
<p><a href="http://sportprobrno.cz/btcm/propozice/" class="more-link themebutton">Read More</a></p>
