{"id":13,"date":"2015-04-20T12:53:01","date_gmt":"2015-04-20T11:53:01","guid":{"rendered":"http:\/\/sportprobrno.cz\/bikearena\/?page_id=13"},"modified":"2016-09-02T16:01:52","modified_gmt":"2016-09-02T15:01:52","slug":"prijezd","status":"publish","type":"page","link":"http:\/\/sportprobrno.cz\/bikearena\/prijezd\/","title":{"rendered":"P\u0159\u00edjezd"},"content":{"rendered":"<p>Pro mimobrn\u011bnsk\u00e9 je p\u0159\u00edjezd Pis\u00e1reck\u00fdm tunelem od d\u00e1lnice D1. Pro brn\u011bnsk\u00e9 je mo\u017en\u00e9 dojet ke stadionu za Anthroposem po cyklostezce. Parkov\u00e1n\u00ed je <strong><a href=\"http:\/\/www.mapy.cz\/s\/iIzh\" target=\"_blank\">ZDE<\/a>. <\/strong>Stadion je mimo z\u00e1vody uzav\u0159en\u00fd, ale jemo\u017en\u00e9 po cyklostezce dojet k v\u00fdjezdu ze stadionu sm\u011brem k d\u00e1lni\u010dn\u00edmu tunelu a zde se napojit na tra\u0165 XC dle pl\u00e1nku v sekci pl\u00e1n trati.<\/p>\n","protected":false},"excerpt":{"rendered":"<p>Pro mimobrn\u011bnsk\u00e9 je p\u0159\u00edjezd Pis\u00e1reck\u00fdm tunelem od d\u00e1lnice D1. Pro brn\u011bnsk\u00e9 je mo\u017en\u00e9 dojet ke stadionu za Anthroposem po cyklostezce. Parkov\u00e1n\u00ed je ZDE. Stadion je mimo z\u00e1vody uzav\u0159en\u00fd, ale jemo\u017en\u00e9 po cyklostezce dojet k v\u00fdjezdu ze stadionu sm\u011brem k d\u00e1lni\u010dn\u00edmu tunelu a zde se napojit na tra\u0165 XC dle pl\u00e1nku v sekci pl\u00e1n trati.<\/p>\n","protected":false},"author":1,"featured_media":0,"parent":0,"menu_order":10,"comment_status":"closed","ping_status":"closed","template":"","meta":[],"_links":{"self":[{"href":"http:\/\/sportprobrno.cz\/bikearena\/wp-json\/wp\/v2\/pages\/13"}],"collection":[{"href":"http:\/\/sportprobrno.cz\/bikearena\/wp-json\/wp\/v2\/pages"}],"about":[{"href":"http:\/\/sportprobrno.cz\/bikearena\/wp-json\/wp\/v2\/types\/page"}],"author":[{"embeddable":true,"href":"http:\/\/sportprobrno.cz\/bikearena\/wp-json\/wp\/v2\/users\/1"}],"replies":[{"embeddable":true,"href":"http:\/\/sportprobrno.cz\/bikearena\/wp-json\/wp\/v2\/comments?post=13"}],"version-history":[{"count":4,"href":"http:\/\/sportprobrno.cz\/bikearena\/wp-json\/wp\/v2\/pages\/13\/revisions"}],"predecessor-version":[{"id":103,"href":"http:\/\/sportprobrno.cz\/bikearena\/wp-json\/wp\/v2\/pages\/13\/revisions\/103"}],"wp:attachment":[{"href":"http:\/\/sportprobrno.cz\/bikearena\/wp-json\/wp\/v2\/media?parent=13"}],"curies":[{"name":"wp","href":"https:\/\/api.w.org\/{rel}","templated":true}]}}